924026 (base 10) in base 5?
214032101
-120605 (base 8) to base 7
-231360
What is 1749367 (base 11) in base 4?
23111010221
Convert -11255253 (base 6) to base 3.
-122202211220
Convert -2430303142 (base 5) to base 9.
-11666581
Convert 5146 (base 9) to base 6.
25240
What is 967219 (base 12) in base 3?
11110201200110
-12042514 (base 6) to base 5
-44112204
What is 25142 (base 13) in base 2?
10000101011101010
Convert -1111513 (base 7) to base 5.
-13344310
What is -13213201001 (base 4) in base 7?
-22654523
What is 1625256 (base 14) in base 6?
1024255524
-266322641 (base 7) to base 11
-9800441
What is -410c9 (base 15) in base 6?
-4230000
Convert -16a2585 (base 11) to base 14.
-5524bb
-1100001001101111111 (base 2) to base 11
-2521a7
What is -2303041 (base 6) in base 11?
-80159
What is 2b25373 (base 12) in base 10?
8759751
What is 51f7b0 (base 16) in base 4?
110133132300
786775 (base 9) to base 10
470840
What is 136145b (base 13) in base 4?
113110322323
-712615 (base 8) to base 7
-1665551
Convert 20223 (base 13) to base 14.
16d45
What is 116ba7 (base 12) in base 8?
1046057
What is -10562162 (base 9) in base 6?
-301415515
Convert 313104203 (base 5) to base 6.
43513025
426c0 (base 14) to base 8
471360
Convert -111419 (base 11) to base 8.
-532567
Convert 1143002420 (base 5) to base 16.
29407d
Convert 244562322 (base 7) to base 6.
1305534540
-45661320 (base 7) to base 10
-3998169
-1120233 (base 4) to base 2
-1011000101111
Convert 12122101022 (base 3) to base 16.
1b1ee
-4540323 (base 6) to base 9
-381546
3129d4 (base 15) to base 7
25604344
Convert 2013633 (base 8) to base 10.
530331
What is -2a0795 (base 11) in base 7?
-3663461
Convert -1341517 (base 9) to base 16.
-b3aee
Convert 202ab (base 12) to base 7.
233063
-17066255 (base 8) to base 13
-a885ac
What is -100010011110011001 (base 2) in base 12?
-69875
Convert 1500048 (base 10) to base 2.
101101110001110010000
Convert 132212023231 (base 4) to base 11.
45890a1
-1011000001011110 (base 2) to base 8
-130136
What is 87c969 (base 13) in base 7?
36120216
-1201110 (base 7) to base 8
-450156
-7de99 (base 15) to base 14
-a649a
Convert -2045a7 (base 11) to base 13.
-b6492
-3376a51 (base 11) to base 12
-1b8ba87
5342111 (base 8) to base 11
894833
20b5c (base 14) to base 13
29cb4
What is 1121022000 (base 3) in base 6?
402043
Convert -81810 (base 11) to base 15.
-255c8
682561 (base 16) to base 12
2351a01
-41360165 (base 7) to base 10
-3476744
What is -3141 (base 13) in base 11?
-5134
What is 17279a (base 12) in base 4?
1201103212
What is -c75b14 (base 14) in base 15?
-8d19b4
Convert -12624400 (base 9) to base 2.
-10111101101101100111011
Convert -149292 (base 14) to base 15.
-e2554
Convert -5661703 (base 8) to base 16.
-1763c3
Convert 1115164 (base 9) to base 5.
123211320
What is -44030200 (base 5) in base 11?
-23820a
What is 145a71 (base 12) in base 4?
1103132311
What is -10200112202110 (base 3) in base 15?
-28a850
334341440 (base 5) to base 12
5b4b9a
-101111001001100001 (base 2) to base 7
-1433015
What is -1960ed (base 16) in base 13?
-463066
Convert -1303303 (base 7) to base 12.
-81b41
What is 11001111100000101111 (base 2) in base 13?
239b51
1633081 (base 9) to base 16
dd99e
What is -20da30 (base 14) in base 3?
-2002120012011
Convert 25330546 (base 8) to base 11.
3196401
-36076005 (base 8) to base 12
-2789599
What is -73b4b (base 12) in base 15?
-3006e
676340 (base 12) to base 4
12102211200
Convert df19 (base 16) to base 6.
1120225
-2564014 (base 7) to base 15
-69467
159b70 (base 13) to base 5
114121241
What is -38513 (base 11) in base 16?
-d796
What is -22743451 (base 8) in base 12?
-17b5b49
Convert -3712b5 (base 14) to base 4.
-13030113233
What is 109098 (base 11) in base 2?
101010010001010001
What is -23403023 (base 5) in base 6?
-4344021
What is -110001200102 (base 3) in base 15?
-4a532
149141 (base 12) to base 16
54d81
Convert 10211641 (base 7) to base 9.
1551004
Convert 13130321 (base 5) to base 16.
1fc26
Convert -1cf43 (base 16) to base 12.
-5876b
Convert -172301 (base 8) to base 7.
-350450
What is 330031112 (base 4) in base 12?
ba872
What is 21110311312 (base 4) in base 9?
4535401
10c51 (base 16) to base 4
100301101
Convert b1dc (base 14) to base 5.
1434244
Convert -de92 (base 16) to base 12.
-28b82
-849674 (base 14) to base 10
-4482230
Convert 130202333 (base 4) to base 11.
7a938
38300 (base 12) to base 15
179c9
Convert cb5323 (base 14) to base 2.
11010010010010100110011
What is -110001101110100000 (base 2) in base 8?
-615640
Convert 125a1 (base 16) to base 5.
4401134
-1081b5 (base 14) to base 3
-1001110100121
-231443122 (base 5) to base 9
-1864667
8c5515 (base 14) to base 8
22164477
What is -133011302230 (base 4) in base 12?
-2890664
-7b9c66 (base 13) to base 8
-13144503
What is -fa73 (base 16) in base 8?
-175163
Convert -4a27a (base 16) to base 13.
-a8336
What is -1003213320 (base 4) in base 14?
-72d28
421334 (base 5) to base 14
513b
100110010101000101011 (base 2) to base 11
7886aa
Convert -25152220 (base 6) to base 16.
-c53f4
What is 26ba30 (base 16) in base 14?
4a0d20
45250 (base 10) to base 14
126c2
What is -1001610 (base 7) in base 4?
-130320111
What is -ca264 (base 13) in base 7?
-3050332
Convert 4699a (base 12) to base 4.
113020012
What is 224840 (base 10) in base 14?
5bd20
Convert 301031020332 (base 4) to base 16.
c4d23e
Convert -1011110110011110011 (base 2) to base 3.
-201201200221
Convert 231215225 (base 7) to base 3.
222122012000012
Convert -442b65 (base 15) to base 12.
-1108488
130023302301 (base 4) to base 11
4196a70
Convert -99597 (base 16) to base 11.
-399a08
Convert 35b899 (base 16) to base 3.
20121212110000
What is 222226 (base 8) in base 11?
51303
593b98 (base 13) to base 8
10060551
What is -1371832 (base 9) in base 11?
-476a31
Convert -20c45c6 (base 13) to base 11.
-5714846
13165044 (base 7) to base 11
756750
Convert -6819 (base 12) to base 5.
-332131
101201112200020 (base 3) to base 13
1247052
Convert -5a1c (base 15) to base 11.
-13431
What is -12012112202022 (base 3) in base 8?
-12433046
Convert -1a5738 (base 11) to base 9.
-530084
Convert 3bd7c (base 14) to base 9.
245124
Convert -869858 (base 13) to base 6.
-151443032
What is -4035552 (base 6) in base 2?
-101110110100111100
-13320521 (base 8) to base 15
-3e10b2
What is -105eaea (base 15) in base 7?
-201251515
Convert -5ca23c (base 14) to base 12.
-1093152
What is -97973 (base 10) in base 5?
-11113343
-155254 (base 8) to base 11
-39071
a0131a (base 11) to base 15
21ca6a
-1100202 (base 4) to base 10
-5154
What is 266211 (base 7) in base 15?
ed09
Convert -120223103230 (base 4) to base 12.
-21bb664
What is -2002332120 (base 4) in base 6?
-15255400
What is -30122320 (base 4) in base 11?
-35248
What is -11040014 (base 5) in base 16?
-17803
1655025 (base 9) to base 2
11100001001001100000
What is -1234420 (base 7) in base 15?
-3264d
Convert -3628677 (base 11) to base 12.
-214a4a9
What is -34072 (base 14) in base 10?
-126324
Convert 7752070 (base 8) to base 12.
847188
What is -767643 (base 10) in base 12?
-3102a3
Convert -855043 (base 12) to base 11.
-1207043
Convert -25e3bd (base 16) to base 15.
-340b23
What is 52db53 (base 14) in base 11?
1645638
-27b3a6 (base 13) to base 10
-967323
What is 415046 (base 8) in base 15?
2ac46
What is -1010000001000110 (base 2) in base 13?
-158a2
Convert -20220351 (base 6) to base 14.
-1109ab
105552440 (base 6) to base 12
7a5720
What is 11010011000100000010 (base 2) in base 5?
210131024
What is -21222000100 (base 3) in base 16?
-26448
101001110110111101 (base 2) to base 12
83279
Convert dd2b6 (base 15) to base 11.
43a987
15220680 (base 9) to base 8
34704760
Convert 10111110100100001 (base 2) to base 6.
2031413
What is -1627242 (base 9) in base 15?
-12cd75
What is -1c6bbc (base 15) in base 9?
-2547366
-2430010033 (base 5) to base 11
-3246364
What is 154061416 (base 7) in base 4?
213203101012
Convert 3130132002 (base 4) to base 10.
903042
What is 104637b (base 14) in base 15?
a218c6
What is 1cb2b94 (base 13) in base 15?
c9a465
Convert 136440 (base 9) to base 5.
10132331
544555 (base 6) to base 15
d598
553442 (base 8) to base 2
101101011100100010
-12a43 (base 13) to base 11
-24086
What is -3365a58 (base 11) in base 10?
-5893610
-15cd701 (base 14) to base 11
-605a679
What is -10bbb49 (base 15) in base 8?
-555643